170 divide 1062330?
True
Is 71 a factor of 206416?
False
Is 1301846 a multiple of 91?
True
Is 630448 a multiple of 104?
True
Does 226 divide 7425456?
True
Does 7 divide 201719?
True
Does 56 divide 12781664?
True
Is 37284 a multiple of 21?
False
Is 110 a factor of 540980?
True
Is 29 a factor of 5461193?
True
Does 375 divide 621993?
False
Is 4652255 a multiple of 82?
False
Does 205 divide 216480?
True
Is 279 a factor of 1142048?
False
Is 1929796 a multiple of 1438?
True
Is 1018 a factor of 3150710?
True
Does 313 divide 55914?
False
Is 94619 a multiple of 95?
False
Is 213 a factor of 561894?
True
Is 14 a factor of 11333?
False
Is 1130 a factor of 3149243?
False
Is 25577 a multiple of 2?
False
Is 444132 a multiple of 338?
True
Is 468647 a multiple of 59?
False
Is 211 a factor of 416514?
True
Does 9 divide 10287?
True
Is 227641 a multiple of 142?
False
Is 83975 a multiple of 221?
False
Is 13 a factor of 8034?
True
Is 9 a factor of 200502?
True
Does 74 divide 572242?
True
Does 9 divide 387927?
True
Is 9 a factor of 14574?
False
Is 16 a factor of 864650?
False
Is 8 a factor of 95040?
True
Does 49 divide 133035?
True
Does 24 divide 2655121?
False
Does 5 divide 589820?
True
Is 20 a factor of 12824072?
False
Is 208547 a multiple of 33?
False
Is 83970 a multiple of 6?
True
Is 1704608 a multiple of 21?
False
Does 335 divide 822973?
False
Is 46 a factor of 1070282?
True
Does 113 divide 823996?
True
Is 2 a factor of 109746?
True
Does 700 divide 2949800?
True
Is 114 a factor of 147966?
False
Does 79 divide 1528513?
False
Is 766 a factor of 13986394?
True
Is 141 a factor of 3616650?
True
Does 76 divide 4795524?
True
Is 188741 a multiple of 7?
True
Is 689342 a multiple of 12?
False
Is 131 a factor of 519153?
True
Does 21 divide 142653?
True
Is 172160 a multiple of 64?
True
Is 3427160 a multiple of 8?
True
Does 1076 divide 9910727?
False
Is 8482716 a multiple of 66?
True
Is 9 a factor of 5200020?
True
Does 233 divide 242321?
False
Does 167 divide 2747500?
False
Is 308 a factor of 1592842?
False
Does 12 divide 8866284?
True
Is 6976749 a multiple of 221?
True
Does 7 divide 217166?
False
Is 77 a factor of 4631805?
False
Does 248 divide 146320?
True
Does 18 divide 2091805?
False
Does 434 divide 677908?
True
Is 48 a factor of 1705728?
True
Is 43 a factor of 72993?
False
Is 21593628 a multiple of 162?
True
Does 177 divide 533586?
False
Does 542 divide 1759874?
True
Is 12276660 a multiple of 1815?
True
Is 163 a factor of 56072?
True
Does 183 divide 1405989?
True
Is 5099342 a multiple of 73?
True
Does 67 divide 10427180?
False
Does 13 divide 11609?
True
Does 5 divide 382278?
False
Does 12 divide 3917760?
True
Is 36 a factor of 136188?
True
Is 428670 a multiple of 9?
True
Does 22 divide 415668?
True
Is 183038 a multiple of 142?
True
Is 14 a factor of 6477758?
True
Is 85186 a multiple of 139?
False
Does 708 divide 9026292?
True
Does 265 divide 1463994?
False
Is 65156 a multiple of 14?
True
Is 2256056 a multiple of 62?
True
Is 12995023 a multiple of 23?
True
Is 703 a factor of 1817589?
False
Is 764691 a multiple of 263?
False
Does 1425 divide 1481118?
False
Is 347 a factor of 1359160?
False
Is 27 a factor of 6541591?
False
Is 4 a factor of 176952?
True
Does 98 divide 34091?
False
Is 66 a factor of 162624?
True
Is 331270 a multiple of 7?
False
Is 40 a factor of 334729?
False
Is 18 a factor of 7569938?
False
Does 93 divide 226992?
False
Is 34939 a multiple of 13?
False
Is 4 a factor of 747351?
False
Is 56869 a multiple of 22?
False
Is 7031068 a multiple of 796?
True
Does 202 divide 8543792?
True
Is 115 a factor of 84755?
True
Does 36 divide 3434724?
True
Is 67 a factor of 112180?
False
Does 4 divide 97864?
True
Is 29 a factor of 143935?
False
Does 22 divide 3835780?
False
Is 20 a factor of 2755607?
False
Is 23 a factor of 1806273?
False
Does 13 divide 140569?
True
Is 331 a factor of 962879?
True
Does 700 divide 5820500?
True
Is 424580 a multiple of 23?
True
Does 211 divide 3585101?
True
Is 49476 a multiple of 42?
True
Is 9340139 a multiple of 93?
False
Is 123 a factor of 1759515?
True
Does 2 divide 183538?
True
Is 17688749 a multiple of 13?
True
Is 1863491 a multiple of 11?
False
Is 447159 a multiple of 257?
False
Does 10 divide 4283060?
True
Does 15 divide 1405754?
False
Is 110 a factor of 160270?
True
Does 107 divide 1737680?
True
Does 9 divide 31410?
True
Is 8389482 a multiple of 9?
False
Does 34 divide 5205924?
False
Does 1999 divide 13333330?
True
Does 14 divide 10105872?
True
Is 1003098 a multiple of 53?
False
Does 262 divide 939442?
False
Does 43 divide 1078616?
False
Does 97 divide 8367711?
False
Is 2097 a factor of 10042111?
False
Is 173205 a multiple of 162?
False
Is 129381 a multiple of 17?
False
Is 15 a factor of 448715?
False
Does 8 divide 190486?
False
Is 52 a factor of 1252732?
True
Is 873548 a multiple of 428?
True
Is 4592324 a multiple of 1769?
True
Is 284558 a multiple of 12?
False
Does 5 divide 87363?
False
Does 78 divide 75816?
True
Is 13 a factor of 3647269?
False
Is 260300 a multiple of 100?
True
Is 2 a factor of 108744?
True
Is 838 a factor of 5099230?
True
Is 261 a factor of 295664?
False
Is 311610 a multiple of 255?
True
Is 14 a factor of 33484863?
False
Is 7 a factor of 7131761?
True
Is 93 a factor of 459606?
True
Is 14 a factor of 613970?
True
Does 37 divide 215044?
True
Is 305 a factor of 3568596?
False
Does 181 divide 234104?
False
Is 58 a factor of 687043?
False
Is 145803 a multiple of 53?
True
Is 534371 a multiple of 30?
False
Does 58 divide 299048?
True
Does 134 divide 5375544?
True
Is 18 a factor of 16453?
False
Is 5 a factor of 2153950?
True
Is 902 a factor of 1380962?
True
Is 460 a factor of 1292140?
True
Does 49 divide 209279?
True
Is 74850 a multiple of 5?
True
Is 1313298 a multiple of 19?
False
Is 32 a factor of 562752?
True
Does 147 divide 1469827?
False
Is 18 a factor of 80556?
False
Does 39 divide 1773252?
True
Is 41 a factor of 10332?
True
Does 11 divide 792176?
True
Does 36 divide 78840?
True
Is 166 a factor of 794476?
True
Is 5 a factor of 200095?
True
Is 13 a factor of 98330?
False
Is 384342 a multiple of 6?
True
Does 15 divide 4711725?
True
Is 420650 a multiple of 179?
True
Does 5 divide 849132?
False
Is 3939612 a multiple of 37?
True
Is 169658 a multiple of 910?
False
Is 36 a factor of 464508?
True
Is 150393 a multiple of 398?
False
Does 126 divide 7320825?
False
Is 198083 a multiple of 72?
False
Does 2 divide 3454?
True
Is 64 a factor of 1007469?
False
Is 35729 a multiple of 339?
False
Is 5738631 a multiple of 89?
True
Is 676235 a multiple of 2?
False
Does 25 divide 184500?
True
Does 92 divide 8775696?
True
Does 6 divide 12474?
True
Is 692341 a multiple of 13?
True
Does 1263 divide 3283800?
True
Is 82 a factor of 111912?
False
Does 83 divide 9113312?
False
Is 3531136 a multiple of 64?
True
Is 757414 a multiple of 23?
False
Does 17 divide 22944?
False
Does 935 divide 7095870?
False
Does 17 divide 745383?
False
Is 323 a multiple of 19?
True
Does 69 divide 5074398?
True
Is 5274214 a multiple of 3?
False
Does 47 divide 9845211?
False
Does 15 divide 52019?
False
Does 3 divide 91708?
False
Is 2505884 a multiple of 178?
True
Is 52 a factor of 84285?
False
Is 36834 a multiple of 34?
False
Is 5811975 a multiple of 9?
True
Does 235 divide 1536665?
True
Is 629176 a multiple of 124?
True
Is 3178675 a multiple of 260?
False
Is 1301808 a multiple of 592?
True
Is 398361 a multiple of 158?
False
Is 114734 a multiple of 166?
False
Is 7 a factor of 1941679?
False
Is 179040 a multiple of 120?
True
Is 616627 a multiple of 11?
True
Does 88 divide 3270784?
True
Is 24 a factor of 782868?
False
Is 892716 a multiple of 44?
True
Is 73 a factor of 206809?
True
Is 4 a factor of 149667?
False
Is 39 a factor of 15807831?
True
Does 2 divide 355328?
True
Is 23 a factor of 985665?
True
Is 365 a factor of 1067625?
True
Does 87 divide 11174541?
True
Is 528066 a multiple of 24?
False
Is 126 a factor of 88841?
False
Does 9 divide 1900682?
False
Does 70 divide 243042?
False
Does 19 divide 43757?
True
Does 4 divide 29016?
True
Does 28 divide 123113?
False
Is 11656807 a multiple of 736?
False
Is 72 a factor of 1871352?
True
Is 158 a factor of 882746?
True
Does 505 divide 14706?
False
Is 547 a factor of 625155?
False
Is 398561 a multiple of 41?
True
Does 2 divid